e (2/(-3))/(6/9). Let b = 1 - q. Suppose 3*n + 5*z = 221, -b*n - z + 103 = -35. Is n prime?
True
Suppose 0 = -4*c - 4, 0 = 2*s + 4*c + 1 - 3. Suppose -s*n = -n - 128. Suppose -5*i - n = -3*d, 2*i - 60 = -5*d + i. Is d a prime number?
True
Suppose -9*i + 1324 = -5*i. Is i composite?
False
Let z = 239 - -444. Is z a composite number?
False
Suppose -v + 3*v = 0. Suppose v = -j + 3*j - 418. Is j a composite number?
True
Suppose -3*c - z = 2*c - 2099, 0 = -2*z + 8. Is c composite?
False
Let z be (-4)/(-18) + 100/36. Is 67/z*(0 - -3) a prime number?
True
Let r(q) = 3*q**2 - 4*q**2 - 224 + 221 + 3*q**2 - 6*q. Suppose -t + 3*v = -9, -16 = -3*t - 2*v - 0*v. Is r(t) composite?
True
Let t(n) = -n**3 - 4*n**2 + 4*n - 1. Let z be t(-5). Suppose -5*q + 0*h + h = -315, z*q = -h + 243. Is (3 + -1)*q/4 prime?
True
Let z be ((-8)/(-6))/((-1)/(-18)). Suppose 9 = -f + z. Is f a composite number?
True
Suppose 2 = 2*k - 8. Let v(b) = 13*b. Is v(k) a prime number?
False
Suppose -2*g + 3704 = -2*p, 2*g + 9240 = 7*g - p. Is g prime?
True
Let x = 4 - 1. Suppose -2*l = x*l - y - 25, 2*y = -l + 5. Suppose -4*d + 6 = l*b - 101, 5*b + d = 113. Is b prime?
True
Suppose -102*n + 8612 = -98*n. Is n a prime number?
True
Suppose -4*t = -3*w - 36, 2*t - t = -4*w + 9. Suppose -x + t + 2 = -3*h, 5*h + 55 = 5*x. Is x prime?
True
Let g = -2 + 7. Suppose -g*j = -j - k - 475, k = j - 118. Suppose 3*z + 8 = j. Is z prime?
True
Suppose 3*b = -0*b + 12, -2*v + 490 = -4*b. Is v prime?
False
Suppose -4 = 4*o - 3*o. Let g = o - 10. Let j = 27 + g. Is j prime?
True
Suppose 5*l - 30 = 2*f, 3*f + 0*f = -3*l + 18. Suppose 0 = 2*r - 48 + l. Is r composite?
True
Let k = -17 + 15. Let c(x) = -132*x - 1. Is c(k) a composite number?
False
Let f(l) be the second derivative of -l**5/20 - 7*l**4/12 + 2*l**3/3 - l**2/2 + 3*l. Is f(-8) prime?
True
Let c(r) = -r**2 + 5*r. Let t be c(4). Suppose t*k - 127 = 157. Is k prime?
True
Let i be (0 - (-1 - -3)) + 6. Let c(x) = -x + x**2 - 5 - i*x + 3*x + 0. Is c(5) a prime number?
False
Is ((-212)/(-2))/(4/14) composite?
True
Suppose -2*i - 434 = -3*y, -524 = -4*y + 5*i + 43. Suppose 0 = 4*m + 5*o - 199, -5*m - 2*o + 78 = -175. Let t = y - m. Is t composite?
False
Let r be (1/2)/((-1)/4). Is -1 + r - (1 + -50) a composite number?
True
Suppose -q = -5 - 1. Let w(i) be the third derivative of -i**4/24 + 4*i**3/3 + i**2. Is w(q) prime?
True
Let w = -102 - -933. Is w a prime number?
False
Let y be 6*3/(-6) + -20. Let x be 0/3 - 16*1. Let f = x - y. Is f a prime number?
True
Suppose -3*l + 17 = 2*v, 0*v + 2*v = -l + 23. Let k = -8 + v. Suppose 0 = -2*s + 5*s + k*x - 77, 2*s - 54 = -4*x. Is s a prime number?
True
Let n(k) = 223*k + 2. Is n(5) composite?
False
Let a = 2 + -2. Is (a + 1)/((-4)/(-268)) composite?
False
Suppose -2*m = -4*m + 62. Let r(v) = 7*v**2 - v. Let q be r(-2). Suppose 3*k = -b + m, 0 = -5*b + 5*k + 105 - q. Is b composite?
False
Let g = -1 + 3. Suppose -a - 5 = -g*a. Let j = a + 16. Is j composite?
True
Suppose -3*j + 2*j + 348 = -5*w, -5*j + 1794 = 2*w. Suppose m = 3*m - j. Is m prime?
True
Suppose 0 = 4*k - v - 373, -k = -2*k - 2*v + 91. Let f = k - 44. Is f a composite number?
True
Is 137/2*(13 - 9) composite?
True
Suppose 2*u + 2*r = 600, r - 6*r + 1201 = 4*u. Is u composite?
True
Let i(p) = -p**3 + 2*p**2 + 4*p - 7. Let r = -3 - 3. Is i(r) prime?
True
Let c(k) = -10*k + 3. Let r = 17 + -12. Suppose j + r*y + 52 = -3*j, -4*y = -4*j - 16. Is c(j) prime?
True
Suppose 0 = -5*m - 3*d + 3 + 3, 4*m - 2*d + 4 = 0. Suppose 3*z = 4*z + 4*v - 22, m = -4*z + 3*v + 50. Is z a composite number?
True
Suppose -f + 802 + 153 = 0. Is f prime?
False
Suppose 0 = -4*l + 2*l + 52. Suppose 0*b = -b + l. Suppose -7 = s - b. Is s composite?
False
Suppose -4*m + 120 = -3*m. Suppose 5*l = -0*l + m. Let n = -5 + l. Is n composite?
False
Suppose -577 = 4*y + 23. Let i(n) = -24*n**3 + n**2. Let j be i(1). Let a = j - y. Is a a composite number?
False
Suppose -6*x + 335 = -x. Is x a prime number?
True
Let p(l) = -4 + 6 + 2*l**2 - 1 + 6*l. Is p(6) prime?
True
Let f = 5 - 4. Let q be (-141)/(-1*3) - f. Suppose -q = -4*m + 6. Is m prime?
True
Let r(u) = -3*u - 8. Suppose 2*a + 20 = -0*a. Is r(a) prime?
False
Let s(n) = n**3 - 8*n**2 - 7*n + 6. Let b be s(7). Let y = b - -169. Is y prime?
False
Let x(f) = -f**3 - f**2 + 37. Let n = 0 - 0. Is x(n) a prime number?
True
Suppose -2*q - 3*q + 15 = 0. Suppose q*t - 63 = -5*z, 0*z - 4*z + 5*t + 80 = 0. Is z composite?
True
Suppose -67 = -c - 0*c. Is c prime?
True
Suppose 3251 = -3*s - 1429. Is 6/27 - s/27 a prime number?
False
Let u be (-2)/(-4) + 15/(-6). Let q be (-1 - 0)/(u/6). Suppose 0 = -x - q*x + 156. Is x prime?
False
Let z = -32 - -141. Is z a composite number?
False
Suppose 5*x = 7*x - 14. Suppose -j + x = -3*m, 3*j - 2*j - 2 = -2*m. Let g(d) = 2*d**2 + 1. Is g(m) prime?
True
Suppose 0 = -i + 155. Is i a composite number?
True
Let h(q) = -q**3 - 7*q**2 - 5*q + 6. Let x be h(-5). Suppose -5*b + 195 = j, 6*b + 4*j = b + 210. Let m = x + b. Is m prime?
True
Let x = -154 + 408. Suppose -2*c = -0*c - x. Is c a composite number?
False
Is 594 - -3 - (2 + 2) prime?
True
Let j(o) = -7*o**3 + 2*o**2 - 2*o - 2. Suppose -6 = -0*a + 3*a. Let y be j(a). Suppose y = 3*x - x. Is x a prime number?
False
Suppose -a + 160 = 5*q, 3*q - q = 4*a - 530. Let b = -46 + a. Is b prime?
True
Let f(g) = g**2 - 6*g - 1. Let y be f(-4). Let a = y + 35. Is a a composite number?
True
Let u(i) = -2*i**2 + 4*i**2 + 2 + 2*i**2 - 15 - 9*i. Let j be u(9). Let p = -73 + j. Is p prime?
True
Let j(d) = d**2 - 20*d - 12. Is j(23) a prime number?
False
Let t(n) be the second derivative of 5/2*n**3 + 0 - 5*n**2 - 2*n. Is t(7) prime?
False
Suppose -i + 1030 = 4*q - 3*i, 2*i - 769 = -3*q. Is q prime?
True
Let c(w) = 8*w**3 + 5*w**2 + 3*w - 1. Let s(r) = r**2 + r. Let t(i) = c(i) - 5*s(i). Is t(3) prime?
False
Is -2*581/2*-1 a composite number?
True
Let s(p) = 76*p + 1. Suppose 4*j - 12 = 0, -5*b - 4*j + 14 = -3. Is s(b) prime?
False
Let s(k) = -k**3 - 7*k**2 + 6*k + 7. Let t be s(-5). Let p = t + 150. Is p a prime number?
False
Let a be (2/6)/(3/18). Let g = a - -1. Suppose -4*h = -5*h - 5*o + 106, 288 = g*h + 5*o. Is h prime?
False
Let g(f) be the third derivative of -f**6/120 + f**5/5 + f**4/2 + 8*f**3/3 + 4*f**2. Let v be g(13). Is 120/(3 - 0) - v prime?
True
Let l be (3 - -24 - 3)/(-1). Suppose 0 = -3*n + 2*n - 43. Let u = l - n. Is u prime?
True
Let b be 213/3 - 0/(-2). Let k(m) = m**3 - 5*m**2 + 2*m + 1. Let p be k(6). Let u = b - p. Is u composite?
True
Let y(j) = 4*j**2 + 5*j + 4. Let q be y(-3). Let t be (15/q)/(1/5). Suppose 0 = t*x - 4*v - 25, 3*x + 2*v - 22 = 33. Is x a prime number?
False
Let d be (20/(-12) + 2)*18. Is ((-2)/d)/(1/(-369)) composite?
True
Let t be 63 + 5/((-10)/(-4)). Suppose 3*q - 3*a + 0*a - 90 = 0, 4*q + 3*a - 99 = 0. Suppose 4*s - q = t. Is s a prime number?
True
Suppose -9*w + 23013 = -0*w. Is w a prime number?
True
Let y be 4/(-10) - 3/5. Let l be 13/(10/8 + y). Let t = 137 - l. Is t composite?
True
Let r = 51 - 5. Is r a composite number?
True
Suppose 6409 = 3*v - 5*b - 4365, 0 = -4*v + 3*b + 14369. Is v composite?
False
Let d = -5 - -36. Let y(b) = -b**2 - 6*b - 3. Let t be y(-3). Let r = d - t. Is r composite?
True
Suppose 2*o = -o - 3. Is (-24)/o - (2 + -1) prime?
True
Let x(h) = h + 3. Let d be x(0). Let o = -23 + 23. Suppose -443 = -2*y - o*y + 3*j, d*j = 3. Is y composite?
False
Let a = -5 + 11. Let m = 9 - a. Is (m - 5)*3/(-2) prime?
True
Suppose 0 = -5*w + 1458 - 258. Let l = w - 73. Is l a composite number?
False
Let k(m) = m + 11. Let r be k(-5). Is 0 + 3/(9/r) composite?
False
Suppose 4*v + 4 = 3*v, 3*v + 290 = 2*b. Is b composite?
False
Suppose 13 = s - r + 3*r, -5*s + r + 54 = 0. Suppose 4*n + 56 = p - s, 5*n = 2*p - 143. Is p a composite number?
False
Let h(l) = l**2 - 5*l - 6. Let k be h(6). Suppose 2*t + 2*t + 4*p = 116, k = 2*t + 3*p - 56. Is t composite?
False
Let v(o) = -6*o**2 + 12*o + 11. Let w(y) = 2*y**2 - 4*y - 4. Let c(f) = -3*v(f) - 8*w(f). Is c(-10) prime?
True
Suppose w + 10 = -j + 2*j, 3*w = j - 12. Let d = 0 + -1. Is (-3)/(-2)*(j - d) composite?
True
Suppose 4*a = -4*v - 304, 2*a + v = 6*v - 159. Let p = 112 + a. Is p a composite number?
True
Let r(f) = -7*f + 43. Let n(b) = -2*b + 11. Let g(c) = 9*n(c